{"id":152,"date":"2025-10-17T15:04:39","date_gmt":"2025-10-17T13:04:39","guid":{"rendered":"https:\/\/heartpaintedbynatalia.pl\/?page_id=152"},"modified":"2025-10-17T15:04:39","modified_gmt":"2025-10-17T13:04:39","slug":"oferta","status":"publish","type":"page","link":"https:\/\/heartpaintedbynatalia.pl\/?page_id=152","title":{"rendered":"Oferta"},"content":{"rendered":"\n<div class=\"wp-block-cover\"><img fetchpriority=\"high\" decoding=\"async\" width=\"1024\" height=\"768\" class=\"wp-block-cover__image-background wp-image-129 size-large\" alt=\"\" src=\"https:\/\/heartpaintedbynatalia.pl\/wp-content\/uploads\/2025\/10\/20251015_124336-1-1024x768.jpg\" data-object-fit=\"cover\" srcset=\"https:\/\/heartpaintedbynatalia.pl\/wp-content\/uploads\/2025\/10\/20251015_124336-1-1024x768.jpg 1024w, https:\/\/heartpaintedbynatalia.pl\/wp-content\/uploads\/2025\/10\/20251015_124336-1-300x225.jpg 300w, https:\/\/heartpaintedbynatalia.pl\/wp-content\/uploads\/2025\/10\/20251015_124336-1-768x576.jpg 768w, https:\/\/heartpaintedbynatalia.pl\/wp-content\/uploads\/2025\/10\/20251015_124336-1-1536x1152.jpg 1536w, https:\/\/heartpaintedbynatalia.pl\/wp-content\/uploads\/2025\/10\/20251015_124336-1-2048x1536.jpg 2048w, https:\/\/heartpaintedbynatalia.pl\/wp-content\/uploads\/2025\/10\/20251015_124336-1-1320x990.jpg 1320w, https:\/\/heartpaintedbynatalia.pl\/wp-content\/uploads\/2025\/10\/20251015_124336-1-600x450.jpg 600w\" sizes=\"(max-width: 1024px) 100vw, 1024px\" \/><span aria-hidden=\"true\" class=\"wp-block-cover__background has-background-dim\" style=\"background-color:#837a77\"><\/span><div class=\"wp-block-cover__inner-container is-layout-constrained wp-block-cover-is-layout-constrained\">\n<p class=\"has-text-align-center has-large-font-size\">Oferta<\/p>\n\n\n\n<p class=\"has-text-align-center\">Tworz\u0119 obrazy na zam\u00f3wienie, prezenty dla Twoich bliskich, metryczki, karty afirmacyjne, a tak\u017ce sprzedaj\u0119 reprodukcje moich prac.<br>Wsp\u00f3\u0142pracuj\u0119 z innymi r\u0119kodzielnikami i organizuj\u0119 warsztaty tw\u00f3rczo-relaksacyjne, a moje prace mo\u017cna zobaczy\u0107 na r\u00f3\u017cnych wystawach.<\/p>\n<\/div><\/div>\n\n\n\n<div style=\"height:42px\" aria-hidden=\"true\" class=\"wp-block-spacer\"><\/div>\n\n\n\n<div class=\"wp-block-columns is-layout-flex wp-container-core-columns-is-layout-9d6595d7 wp-block-columns-is-layout-flex\">\n<div class=\"wp-block-column is-layout-flow wp-block-column-is-layout-flow\">\n<figure class=\"wp-block-image size-large\"><img decoding=\"async\" width=\"1024\" height=\"768\" src=\"https:\/\/heartpaintedbynatalia.pl\/wp-content\/uploads\/2025\/10\/20251015_124336-1-1024x768.jpg\" alt=\"\" class=\"wp-image-129\" srcset=\"https:\/\/heartpaintedbynatalia.pl\/wp-content\/uploads\/2025\/10\/20251015_124336-1-1024x768.jpg 1024w, https:\/\/heartpaintedbynatalia.pl\/wp-content\/uploads\/2025\/10\/20251015_124336-1-300x225.jpg 300w, https:\/\/heartpaintedbynatalia.pl\/wp-content\/uploads\/2025\/10\/20251015_124336-1-768x576.jpg 768w, https:\/\/heartpaintedbynatalia.pl\/wp-content\/uploads\/2025\/10\/20251015_124336-1-1536x1152.jpg 1536w, https:\/\/heartpaintedbynatalia.pl\/wp-content\/uploads\/2025\/10\/20251015_124336-1-2048x1536.jpg 2048w, https:\/\/heartpaintedbynatalia.pl\/wp-content\/uploads\/2025\/10\/20251015_124336-1-1320x990.jpg 1320w, https:\/\/heartpaintedbynatalia.pl\/wp-content\/uploads\/2025\/10\/20251015_124336-1-600x450.jpg 600w\" sizes=\"(max-width: 1024px) 100vw, 1024px\" \/><\/figure>\n\n\n\n<h2 class=\"wp-block-heading has-text-align-center\">Obrazy na zam\u00f3wienie<\/h2>\n\n\n\n<p class=\"has-text-align-center\">Ka\u017cdy obraz tworz\u0119 z intencj\u0105 \u2014 w dialogu z osob\u0105, dla kt\u00f3rej powstaje. Mo\u017cemy wsp\u00f3lnie dobra\u0107 kolorystyk\u0119, emocj\u0119 i format. To wyj\u0105tkowy spos\u00f3b, by sztuka opowiedzia\u0142a Twoj\u0105 histori\u0119.<\/p>\n\n\n\n<div class=\"wp-block-buttons is-content-justification-center is-layout-flex wp-container-core-buttons-is-layout-16018d1d wp-block-buttons-is-layout-flex\">\n<div class=\"wp-block-button\"><a class=\"wp-block-button__link has-text-align-center wp-element-button\">dowiedz si\u0119 wi\u0119cej<\/a><\/div>\n<\/div>\n<\/div>\n\n\n\n<div class=\"wp-block-column is-layout-flow wp-block-column-is-layout-flow\">\n<figure class=\"wp-block-image size-large\"><img decoding=\"async\" width=\"1024\" height=\"768\" src=\"https:\/\/heartpaintedbynatalia.pl\/wp-content\/uploads\/2025\/10\/20251015_124336-1-1024x768.jpg\" alt=\"\" class=\"wp-image-129\" srcset=\"https:\/\/heartpaintedbynatalia.pl\/wp-content\/uploads\/2025\/10\/20251015_124336-1-1024x768.jpg 1024w, https:\/\/heartpaintedbynatalia.pl\/wp-content\/uploads\/2025\/10\/20251015_124336-1-300x225.jpg 300w, https:\/\/heartpaintedbynatalia.pl\/wp-content\/uploads\/2025\/10\/20251015_124336-1-768x576.jpg 768w, https:\/\/heartpaintedbynatalia.pl\/wp-content\/uploads\/2025\/10\/20251015_124336-1-1536x1152.jpg 1536w, https:\/\/heartpaintedbynatalia.pl\/wp-content\/uploads\/2025\/10\/20251015_124336-1-2048x1536.jpg 2048w, https:\/\/heartpaintedbynatalia.pl\/wp-content\/uploads\/2025\/10\/20251015_124336-1-1320x990.jpg 1320w, https:\/\/heartpaintedbynatalia.pl\/wp-content\/uploads\/2025\/10\/20251015_124336-1-600x450.jpg 600w\" sizes=\"(max-width: 1024px) 100vw, 1024px\" \/><\/figure>\n\n\n\n<h2 class=\"wp-block-heading has-text-align-center\">Reprodukcje<\/h2>\n\n\n\n<p class=\"has-text-align-center\">Dla tych, kt\u00f3rzy chc\u0105 otoczy\u0107 si\u0119 spokojem ka\u017cdego dnia.<br>Wysokiej jako\u015bci wydruki moich akwareli \u2014 w r\u00f3\u017cnych formatach. Idealne do wn\u0119trz w stylu naturalnym, warm minimalism, slow living.<\/p>\n\n\n\n<div class=\"wp-block-buttons is-content-justification-center is-layout-flex wp-container-core-buttons-is-layout-16018d1d wp-block-buttons-is-layout-flex\">\n<div class=\"wp-block-button\"><a class=\"wp-block-button__link wp-element-button\">Zobacz dost\u0119pne reprodukcje<\/a><\/div>\n<\/div>\n<\/div>\n\n\n\n<div class=\"wp-block-column is-layout-flow wp-block-column-is-layout-flow\">\n<figure class=\"wp-block-image size-large\"><img decoding=\"async\" width=\"1024\" height=\"768\" src=\"https:\/\/heartpaintedbynatalia.pl\/wp-content\/uploads\/2025\/10\/20251015_124336-1-1024x768.jpg\" alt=\"\" class=\"wp-image-129\" srcset=\"https:\/\/heartpaintedbynatalia.pl\/wp-content\/uploads\/2025\/10\/20251015_124336-1-1024x768.jpg 1024w, https:\/\/heartpaintedbynatalia.pl\/wp-content\/uploads\/2025\/10\/20251015_124336-1-300x225.jpg 300w, https:\/\/heartpaintedbynatalia.pl\/wp-content\/uploads\/2025\/10\/20251015_124336-1-768x576.jpg 768w, https:\/\/heartpaintedbynatalia.pl\/wp-content\/uploads\/2025\/10\/20251015_124336-1-1536x1152.jpg 1536w, https:\/\/heartpaintedbynatalia.pl\/wp-content\/uploads\/2025\/10\/20251015_124336-1-2048x1536.jpg 2048w, https:\/\/heartpaintedbynatalia.pl\/wp-content\/uploads\/2025\/10\/20251015_124336-1-1320x990.jpg 1320w, https:\/\/heartpaintedbynatalia.pl\/wp-content\/uploads\/2025\/10\/20251015_124336-1-600x450.jpg 600w\" sizes=\"(max-width: 1024px) 100vw, 1024px\" \/><\/figure>\n\n\n\n<h2 class=\"wp-block-heading has-text-align-center\">Karty afirmacyjne<\/h2>\n\n\n\n<p class=\"has-text-align-center\">Karty, kt\u00f3re przypominaj\u0105 o tym, co wa\u017cne: spok\u00f3j, wdzi\u0119czno\u015b\u0107, obecno\u015b\u0107. Ka\u017cda karta zosta\u0142a namalowana akwarel\u0105 i sercem, po\u0142\u0105czona z delikatnym przes\u0142aniem.<br>Dla Ciebie lub jako prezent z intencj\u0105.<\/p>\n\n\n\n<div class=\"wp-block-buttons is-content-justification-center is-layout-flex wp-container-core-buttons-is-layout-16018d1d wp-block-buttons-is-layout-flex\">\n<div class=\"wp-block-button\"><a class=\"wp-block-button__link wp-element-button\">Zobacz karty<\/a><\/div>\n<\/div>\n<\/div>\n<\/div>\n\n\n\n<div style=\"height:42px\" aria-hidden=\"true\" class=\"wp-block-spacer\"><\/div>\n\n\n\n<div class=\"wp-block-columns is-layout-flex wp-container-core-columns-is-layout-9d6595d7 wp-block-columns-is-layout-flex\">\n<div class=\"wp-block-column is-layout-flow wp-block-column-is-layout-flow\">\n<figure class=\"wp-block-image size-large\"><img decoding=\"async\" width=\"1024\" height=\"768\" src=\"https:\/\/heartpaintedbynatalia.pl\/wp-content\/uploads\/2025\/10\/20251015_124336-1-1024x768.jpg\" alt=\"\" class=\"wp-image-129\" srcset=\"https:\/\/heartpaintedbynatalia.pl\/wp-content\/uploads\/2025\/10\/20251015_124336-1-1024x768.jpg 1024w, https:\/\/heartpaintedbynatalia.pl\/wp-content\/uploads\/2025\/10\/20251015_124336-1-300x225.jpg 300w, https:\/\/heartpaintedbynatalia.pl\/wp-content\/uploads\/2025\/10\/20251015_124336-1-768x576.jpg 768w, https:\/\/heartpaintedbynatalia.pl\/wp-content\/uploads\/2025\/10\/20251015_124336-1-1536x1152.jpg 1536w, https:\/\/heartpaintedbynatalia.pl\/wp-content\/uploads\/2025\/10\/20251015_124336-1-2048x1536.jpg 2048w, https:\/\/heartpaintedbynatalia.pl\/wp-content\/uploads\/2025\/10\/20251015_124336-1-1320x990.jpg 1320w, https:\/\/heartpaintedbynatalia.pl\/wp-content\/uploads\/2025\/10\/20251015_124336-1-600x450.jpg 600w\" sizes=\"(max-width: 1024px) 100vw, 1024px\" \/><\/figure>\n\n\n\n<h2 class=\"wp-block-heading has-text-align-center\">Wsp\u00f3\u0142praca<\/h2>\n\n\n\n<p class=\"has-text-align-center\">Wsp\u00f3\u0142pracuj\u0119 z markami, z kt\u00f3rymi rezonuje moja sztuka.<br>Tworz\u0119 ilustracje, projekty artystyczne, a tak\u017ce dedykowane upominki dla Twoich Klientek. Je\u015bli Twoja marka ma w sobie czu\u0142o\u015b\u0107 i harmoni\u0119 \u2014 stw\u00f3rzmy co\u015b wsp\u00f3lnie.<\/p>\n\n\n\n<div class=\"wp-block-buttons is-content-justification-center is-layout-flex wp-container-core-buttons-is-layout-e1485a7b wp-block-buttons-is-layout-flex\">\n<div class=\"wp-block-button\"><a class=\"wp-block-button__link has-text-align-center wp-element-button\">dowiedz si\u0119 wi\u0119cej<\/a><\/div>\n<\/div>\n<\/div>\n\n\n\n<div class=\"wp-block-column is-layout-flow wp-block-column-is-layout-flow\">\n<figure class=\"wp-block-image size-large\"><img decoding=\"async\" width=\"1024\" height=\"768\" src=\"https:\/\/heartpaintedbynatalia.pl\/wp-content\/uploads\/2025\/10\/20251015_124336-1-1024x768.jpg\" alt=\"\" class=\"wp-image-129\" srcset=\"https:\/\/heartpaintedbynatalia.pl\/wp-content\/uploads\/2025\/10\/20251015_124336-1-1024x768.jpg 1024w, https:\/\/heartpaintedbynatalia.pl\/wp-content\/uploads\/2025\/10\/20251015_124336-1-300x225.jpg 300w, https:\/\/heartpaintedbynatalia.pl\/wp-content\/uploads\/2025\/10\/20251015_124336-1-768x576.jpg 768w, https:\/\/heartpaintedbynatalia.pl\/wp-content\/uploads\/2025\/10\/20251015_124336-1-1536x1152.jpg 1536w, https:\/\/heartpaintedbynatalia.pl\/wp-content\/uploads\/2025\/10\/20251015_124336-1-2048x1536.jpg 2048w, https:\/\/heartpaintedbynatalia.pl\/wp-content\/uploads\/2025\/10\/20251015_124336-1-1320x990.jpg 1320w, https:\/\/heartpaintedbynatalia.pl\/wp-content\/uploads\/2025\/10\/20251015_124336-1-600x450.jpg 600w\" sizes=\"(max-width: 1024px) 100vw, 1024px\" \/><\/figure>\n\n\n\n<h2 class=\"wp-block-heading has-text-align-center\">Warsztaty<\/h2>\n\n\n\n<p class=\"has-text-align-center\">Spotkania, podczas kt\u00f3rych akwarela staje si\u0119 narz\u0119dziem uwa\u017cno\u015bci.<br>Nie ucz\u0119 techniki \u2013 ucz\u0119, jak malowa\u0107 z serca.<br>To czas na zatrzymanie si\u0119, oddech i bycie tu i teraz.<\/p>\n\n\n\n<div class=\"wp-block-buttons is-content-justification-center is-layout-flex wp-container-core-buttons-is-layout-e1485a7b wp-block-buttons-is-layout-flex\">\n<div class=\"wp-block-button\"><a class=\"wp-block-button__link wp-element-button\">Czytaj wi\u0119cej<\/a><\/div>\n<\/div>\n<\/div>\n\n\n\n<div class=\"wp-block-column is-layout-flow wp-block-column-is-layout-flow\">\n<figure class=\"wp-block-image size-large\"><img decoding=\"async\" width=\"1024\" height=\"768\" src=\"https:\/\/heartpaintedbynatalia.pl\/wp-content\/uploads\/2025\/10\/20251015_124336-1-1024x768.jpg\" alt=\"\" class=\"wp-image-129\" srcset=\"https:\/\/heartpaintedbynatalia.pl\/wp-content\/uploads\/2025\/10\/20251015_124336-1-1024x768.jpg 1024w, https:\/\/heartpaintedbynatalia.pl\/wp-content\/uploads\/2025\/10\/20251015_124336-1-300x225.jpg 300w, https:\/\/heartpaintedbynatalia.pl\/wp-content\/uploads\/2025\/10\/20251015_124336-1-768x576.jpg 768w, https:\/\/heartpaintedbynatalia.pl\/wp-content\/uploads\/2025\/10\/20251015_124336-1-1536x1152.jpg 1536w, https:\/\/heartpaintedbynatalia.pl\/wp-content\/uploads\/2025\/10\/20251015_124336-1-2048x1536.jpg 2048w, https:\/\/heartpaintedbynatalia.pl\/wp-content\/uploads\/2025\/10\/20251015_124336-1-1320x990.jpg 1320w, https:\/\/heartpaintedbynatalia.pl\/wp-content\/uploads\/2025\/10\/20251015_124336-1-600x450.jpg 600w\" sizes=\"(max-width: 1024px) 100vw, 1024px\" \/><\/figure>\n\n\n\n<h2 class=\"wp-block-heading has-text-align-center\">Wystawy<\/h2>\n\n\n\n<p class=\"has-text-align-center\">Moje prace mo\u017cna ogl\u0105da\u0107 tak\u017ce na \u017cywo \u2013 w miejscach, kt\u00f3re \u0142\u0105cz\u0105 sztuk\u0119, natur\u0119 i spok\u00f3j.<br>Aktualne i nadchodz\u0105ce wystawy znajdziesz tutaj.<br><\/p>\n\n\n\n<div class=\"wp-block-buttons is-content-justification-center is-layout-flex wp-container-core-buttons-is-layout-e1485a7b wp-block-buttons-is-layout-flex\">\n<div class=\"wp-block-button\"><a class=\"wp-block-button__link wp-element-button\">Zobacz aktualne wystawy<\/a><\/div>\n<\/div>\n<\/div>\n<\/div>\n\n\n\n<div style=\"height:42px\" aria-hidden=\"true\" class=\"wp-block-spacer\"><\/div>\n\n\n\n<p><\/p>\n","protected":false},"excerpt":{"rendered":"<p>Obrazy na zam\u00f3wienie Ka\u017cdy obraz tworz\u0119 z intencj\u0105 \u2014 w dialogu z osob\u0105, dla kt\u00f3rej powstaje. Mo\u017cemy wsp\u00f3lnie dobra\u0107 kolorystyk\u0119, emocj\u0119 i format. To wyj\u0105tkowy spos\u00f3b, by sztuka opowiedzia\u0142a Twoj\u0105 histori\u0119. Reprodukcje Dla tych, kt\u00f3rzy chc\u0105 otoczy\u0107 si\u0119 spokojem ka\u017cdego dnia.Wysokiej jako\u015bci wydruki moich akwareli \u2014 w r\u00f3\u017cnych formatach. Idealne do wn\u0119trz w stylu naturalnym,&#8230;<\/p>\n","protected":false},"author":1,"featured_media":0,"parent":0,"menu_order":0,"comment_status":"closed","ping_status":"closed","template":"","meta":{"_kad_post_transparent":"","_kad_post_title":"","_kad_post_layout":"","_kad_post_sidebar_id":"","_kad_post_content_style":"","_kad_post_vertical_padding":"","_kad_post_feature":"","_kad_post_feature_position":"","_kad_post_header":false,"_kad_post_footer":false,"footnotes":""},"class_list":["post-152","page","type-page","status-publish","hentry"],"jetpack_sharing_enabled":true,"_links":{"self":[{"href":"https:\/\/heartpaintedbynatalia.pl\/index.php?rest_route=\/wp\/v2\/pages\/152","targetHints":{"allow":["GET"]}}],"collection":[{"href":"https:\/\/heartpaintedbynatalia.pl\/index.php?rest_route=\/wp\/v2\/pages"}],"about":[{"href":"https:\/\/heartpaintedbynatalia.pl\/index.php?rest_route=\/wp\/v2\/types\/page"}],"author":[{"embeddable":true,"href":"https:\/\/heartpaintedbynatalia.pl\/index.php?rest_route=\/wp\/v2\/users\/1"}],"replies":[{"embeddable":true,"href":"https:\/\/heartpaintedbynatalia.pl\/index.php?rest_route=%2Fwp%2Fv2%2Fcomments&post=152"}],"version-history":[{"count":1,"href":"https:\/\/heartpaintedbynatalia.pl\/index.php?rest_route=\/wp\/v2\/pages\/152\/revisions"}],"predecessor-version":[{"id":153,"href":"https:\/\/heartpaintedbynatalia.pl\/index.php?rest_route=\/wp\/v2\/pages\/152\/revisions\/153"}],"wp:attachment":[{"href":"https:\/\/heartpaintedbynatalia.pl\/index.php?rest_route=%2Fwp%2Fv2%2Fmedia&parent=152"}],"curies":[{"name":"wp","href":"https:\/\/api.w.org\/{rel}","templated":true}]}}